nder when 17022 is divided by 8507?
8
What is the remainder when 7767 is divided by 13?
6
What is the remainder when 888 is divided by 272?
72
Calculate the remainder when 2708 is divided by 246.
2
What is the remainder when 13451 is divided by 62?
59
Calculate the remainder when 56955 is divided by 2279.
2259
What is the remainder when 5400 is divided by 1065?
75
Calculate the remainder when 113093 is divided by 103.
102
What is the remainder when 66165 is divided by 8?
5
Calculate the remainder when 6411 is divided by 3015.
381
What is the remainder when 9021 is divided by 97?
0
What is the remainder when 74775 is divided by 37387?
1
What is the remainder when 228914 is divided by 114409?
96
Calculate the remainder when 14183 is divided by 68.
39
What is the remainder when 8294 is divided by 1652?
34
Calculate the remainder when 207261 is divided by 4.
1
What is the remainder when 19320 is divided by 965?
20
Calculate the remainder when 1201 is divided by 49.
25
What is the remainder when 273208 is divided by 47?
44
What is the remainder when 380351 is divided by 48?
47
What is the remainder when 335459 is divided by 335451?
8
Calculate the remainder when 761 is divided by 380.
1
Calculate the remainder when 574 is divided by 446.
128
Calculate the remainder when 231225 is divided by 326.
91
What is the remainder when 1896 is divided by 624?
24
What is the remainder when 6885 is divided by 982?
11
Calculate the remainder when 2344242 is divided by 131.
128
Calculate the remainder when 1016 is divided by 57.
47
What is the remainder when 207479 is divided by 93?
89
Calculate the remainder when 222016 is divided by 17.
13
What is the remainder when 129143 is divided by 24?
23
What is the remainder when 434273 is divided by 32?
1
What is the remainder when 7852 is divided by 341?
9
What is the remainder when 3714 is divided by 108?
42
What is the remainder when 2147711 is divided by 272?
271
What is the remainder when 5136 is divided by 557?
123
What is the remainder when 38583 is divided by 197?
168
Calculate the remainder when 22691 is divided by 273.
32
Calculate the remainder when 34120 is divided by 44.
20
Calculate the remainder when 13642 is divided by 1240.
2
Calculate the remainder when 3611 is divided by 1753.
105
What is the remainder when 6757 is divided by 161?
156
Calculate the remainder when 6089228 is divided by 2107.
2105
What is the remainder when 573550 is divided by 877?
869
Calculate the remainder when 2319 is divided by 18.
15
What is the remainder when 12340 is divided by 4075?
115
What is the remainder when 49991 is divided by 245?
11
What is the remainder when 2663244 is divided by 98?
94
Calculate the remainder when 264478 is divided by 480.
478
What is the remainder when 91594 is divided by 45789?
16
Calculate the remainder when 9328 is divided by 6.
4
What is the remainder when 8411 is divided by 2518?
857
What is the remainder when 48167 is divided by 63?
35
Calculate the remainder when 561595 is divided by 61.
29
Calculate the remainder when 971 is divided by 17.
2
What is the remainder when 4902 is divided by 16?
6
What is the remainder when 15579 is divided by 3101?
74
What is the remainder when 1480 is divided by 39?
37
What is the remainder when 27260 is divided by 568?
564
Calculate the remainder when 29613 is divided by 16.
13
What is the remainder when 3708 is divided by 157?
97
What is the remainder when 7494 is divided by 134?
124
What is the remainder when 7530 is divided by 9?
6
What is the remainder when 12793 is divided by 6279?
235
What is the remainder when 2223 is divided by 455?
403
What is the remainder when 4053 is divided by 1999?
55
What is the remainder when 1747 is divided by 41?
25
What is the remainder when 1451 is divided by 1422?
29
Calculate the remainder when 47314 is divided by 26.
20
Calculate the remainder when 4030 is divided by 48.
46
What is the remainder when 63173 is divided by 25?
23
What is the remainder when 652717 is divided by 40?
37
Calculate the remainder when 605797 is divided by 8.
5
Calculate the remainder when 129787 is divided by 257.
2
Calculate the remainder when 9989 is divided by 4902.
185
What is the remainder when 51611 is divided by 51611?
0
Calculate the remainder when 8581 is divided by 1335.
571
What is the remainder when 8700 is divided by 925?
375
Calculate the remainder when 19930 is divided by 6642.
4
Calculate the remainder when 14083 is divided by 1087.
1039
Calculate the remainder when 5742 is divided by 2735.
272
Calculate the remainder when 327186 is divided by 104.
2
What is the remainder when 99646 is divided by 2432?
2366
Calculate the remainder when 809318 is divided by 40.
38
What is the remainder when 158386 is divided by 121?
118
Calculate the remainder when 7113023 is divided by 64.
63
Calculate the remainder when 13005 is divided by 4328.
21
Calculate the remainder when 136552 is divided by 22.
20
What is the remainder when 144143 is divided by 5543?
25
What is the remainder when 8324 is divided by 216?
116
Calculate the remainder when 72364 is divided by 140.
124
What is the remainder when 5243 is divided by 4374?
869
What is the remainder when 61961 is divided by 17?
13
Calculate the remainder when 259154 is divided by 1498.
0
Calculate the remainder when 6968 is divided by 76.
52
What is the remainder when 167 is divided by 71?
25
What is the remainder when 54154 is divided by 308?
254
Calculate the remainder when 353583 is divided by 1.
0
Calculate the remainder when 25558 is divided by 175.
8
Calculate the remainder when 212122 is divided by 12.
10
What is the remainder when 1276 is divided by 260?
236
What is the remainder when 10101 is divided by 1555?
771
Calculate the remainder when 8424 is divided by 21.
3
Calculate the remainder when 28404 is divided by 764.
136
Calculate the remainder when 3074 is divided by 156.
110
What is the remainder when 14764 is divided by 107?
105
What is the remainder when 2216 is divided by 1111?
1105
Calculate the remainder when 1986 is divided by 39.
36
What is the remainder when 3010 is divided by 64?
2
What is the remainder when 101076 is divided by 486?
474
Calculate the remainder when 403 is divided by 326.
77
Calculate the remainder when 7523 is divided by 102.
77
Calculate the remainder when 5879 is divided by 1887.
218
What is the remainder when 17492 is divided by 751?
219
What is the remainder when 12201 is divided by 28?
21
Calculate the remainder when 41800 is divided by 13912.
64
Calculate the remainder when 12477 is divided by 312.
309
Calculate the remainder when 618268 is divided by 449.
444
Calculate the remainder when 69797 is divided by 34895.
7
Calculate the remainder when 4790 is divided by 1189.
34
What is the remainder when 146914 is divided by 954?
952
Calculate the remainder when 72004 is divided by 33.
31
What is the remainder when 2135 is divided by 683?
86
Calculate the remainder when 3435 is divided by 82.
73
Calculate the remainder when 2763 is divided by 470.
413
What is the remainder when 6392708 is divided by 773?
771
What is the remainder when 1209154 is divided by 822?
814
Calculate the remainder when 52444 is divided by 85.
84
What is the remainder when 67621 is divided by 67506?
115
Calculate the remainder when 192073 is divided by 274.
273
Calculate the remainder when 797 is divided by 370.
57
Calculate the remainder when 1818 is divided by 96.
90
What is the remainder when 1020498 is divided by 260?
258
What is the remainder when 59673 is divided by 603?
579
What is the remainder when 26583 is divided by 26576?
7
Calculate the remainder when 3435 is divided by 815.
175
Calculate the remainder when 8432 is divided by 4216.
0
What is the remainder when 13395 is divided by 706?
687
What is the remainder when 10142 is divided by 30?
2
What is the remainder when 3009 is divided by 31?
2
Calculate the remainder when 32830 is divided by 16259.
312
Calculate the remainder when 11452 is divided by 1418.
108
What is the remainder when 1516 is divided by 188?
12
Calculate the remainder when 866 is divided by 431.
4
Calculate the remainder when 5065 is divided by 1622.
199
Calculate the remainder when 7709643 is divided by 53.
51
Calculate the remainder when 384995 is 